{"id":1010,"date":"2022-07-25T18:53:26","date_gmt":"2022-07-25T15:53:26","guid":{"rendered":"https:\/\/www.e-mittaus.fi\/?page_id=1010"},"modified":"2024-01-22T19:31:31","modified_gmt":"2024-01-22T17:31:31","slug":"asuntojen-pinta-alamittaukset","status":"publish","type":"page","link":"https:\/\/www.e-mittaus.fi\/?page_id=1010","title":{"rendered":"asuntojen pinta-alamittaukset"},"content":{"rendered":"\n<figure class=\"wp-block-image size-full\"><a href=\"https:\/\/www.e-mittaus.fi\/wp-content\/uploads\/2015\/01\/im1_640x480.jpg\"><img loading=\"lazy\" decoding=\"async\" width=\"640\" height=\"480\" src=\"https:\/\/www.e-mittaus.fi\/wp-content\/uploads\/2015\/01\/im1_640x480.jpg\" alt=\"\" class=\"wp-image-591\" srcset=\"https:\/\/www.e-mittaus.fi\/wp-content\/uploads\/2015\/01\/im1_640x480.jpg 640w, https:\/\/www.e-mittaus.fi\/wp-content\/uploads\/2015\/01\/im1_640x480-300x225.jpg 300w, https:\/\/www.e-mittaus.fi\/wp-content\/uploads\/2015\/01\/im1_640x480-100x75.jpg 100w, https:\/\/www.e-mittaus.fi\/wp-content\/uploads\/2015\/01\/im1_640x480-150x112.jpg 150w, https:\/\/www.e-mittaus.fi\/wp-content\/uploads\/2015\/01\/im1_640x480-200x150.jpg 200w, https:\/\/www.e-mittaus.fi\/wp-content\/uploads\/2015\/01\/im1_640x480-450x337.jpg 450w, https:\/\/www.e-mittaus.fi\/wp-content\/uploads\/2015\/01\/im1_640x480-600x450.jpg 600w\" sizes=\"auto, (max-width: 640px) 100vw, 640px\" \/><\/a><\/figure>\n\n\n\n<p>Asuntokaupassa pinta-alojen laskemisessa ja ilmoittamisessa k\u00e4ytet\u00e4\u00e4n huoneistoalaa. Samoin asunto-osakeyhti\u00f6iden yhti\u00f6j\u00e4rjestyksess\u00e4 ilmoitettava pinta-ala on yleens\u00e4 huoneistoala.<\/p>\n\n\n\n<p>Huoneistoala ja sen mittaaminen on m\u00e4\u00e4ritelty standardissa SFS 5139 (RT 12-11055).<\/p>\n\n\n\n<p>Varsinkin vanhoissa taloissa voi olla ep\u00e4selvyytt\u00e4 todellisesta huoneistoalasta. Teemme standardin mukaisia huoneistoalan mittauksia, joilla todellinen tilanne saadaan selville.<\/p>\n\n\n\n<p>Mittaukseen ei tarvita vanhoja piirustuksia asunnosta. Mittaamme seinien todellisen muodon laserkeilaimella ja laskemme siit\u00e4 pinta-alan. Toimitamme joka mittauksesta yksityiskohtaisen raportin, jonka liitteen\u00e4 on tarkka todellisen tilanteen mukainen mittauspiirustus.<\/p>\n\n\n\n<h2 class=\"wp-block-heading\">hinta<\/h2>\n\n\n\n<p>Huoneistoalan mittauksen hinta riippuu asunnon koosta ja tyypist\u00e4. Pienen kerrostaloasunnon mittauksen hinta p\u00e4\u00e4kaupunkiseudulla alkaa 250 eurosta.<\/p>\n\n\n\n<p class=\"has-responsive-container-background-color-color has-text-color\">Tilaukset ja tiedustelut puhelimitse 050 431 3313<\/p>\n\n\n\n<h2 class=\"wp-block-heading\">tarjouspyynt\u00f6<\/h2>\n\n\n<div class=\"wpforms-container wpforms-container-full\" id=\"wpforms-1181\"><form id=\"wpforms-form-1181\" class=\"wpforms-validate wpforms-form wpforms-ajax-form\" data-formid=\"1181\" method=\"post\" enctype=\"multipart\/form-data\" action=\"\/index.php?rest_route=%2Fwp%2Fv2%2Fpages%2F1010\" data-token=\"e72c69d714981dc27f4950fdc54623fa\" data-token-time=\"1777989091\"><noscript class=\"wpforms-error-noscript\">Please enable JavaScript in your browser to complete this form.<\/noscript><div class=\"wpforms-field-container\"><div id=\"wpforms-1181-field_0-container\" class=\"wpforms-field wpforms-field-name\" data-field-id=\"0\"><label class=\"wpforms-field-label\" for=\"wpforms-1181-field_0\">nimi <span class=\"wpforms-required-label\">*<\/span><\/label><input type=\"text\" id=\"wpforms-1181-field_0\" class=\"wpforms-field-medium wpforms-field-required\" name=\"wpforms[fields][0]\" required><\/div><div id=\"wpforms-1181-field_6-container\" class=\"wpforms-field wpforms-field-text\" data-field-id=\"6\"><label class=\"wpforms-field-label\" for=\"wpforms-1181-field_6\">s\u00e4hk\u00f6posti <span class=\"wpforms-required-label\">*<\/span><\/label><input type=\"text\" id=\"wpforms-1181-field_6\" class=\"wpforms-field-medium wpforms-field-required\" name=\"wpforms[fields][6]\" required><\/div><div id=\"wpforms-1181-field_3-container\" class=\"wpforms-field wpforms-field-text\" data-field-id=\"3\"><label class=\"wpforms-field-label\" for=\"wpforms-1181-field_3\">puhelinnumero <span class=\"wpforms-required-label\">*<\/span><\/label><input type=\"text\" id=\"wpforms-1181-field_3\" class=\"wpforms-field-medium wpforms-field-required\" name=\"wpforms[fields][3]\" required><\/div><div id=\"wpforms-1181-field_4-container\" class=\"wpforms-field wpforms-field-text\" data-field-id=\"4\"><label class=\"wpforms-field-label\" for=\"wpforms-1181-field_4\">mitattavan huoneiston katuosoite <span class=\"wpforms-required-label\">*<\/span><\/label><input type=\"text\" id=\"wpforms-1181-field_4\" class=\"wpforms-field-medium wpforms-field-required\" name=\"wpforms[fields][4]\" required><\/div><div id=\"wpforms-1181-field_5-container\" class=\"wpforms-field wpforms-field-text\" data-field-id=\"5\"><label class=\"wpforms-field-label\" for=\"wpforms-1181-field_5\">postinumero <span class=\"wpforms-required-label\">*<\/span><\/label><input type=\"text\" id=\"wpforms-1181-field_5\" class=\"wpforms-field-medium wpforms-field-required wpforms-masked-input\" data-rule-inputmask-incomplete=\"1\" data-inputmask-mask=\"99999\" name=\"wpforms[fields][5]\" required><\/div><div id=\"wpforms-1181-field_7-container\" class=\"wpforms-field wpforms-field-radio\" data-field-id=\"7\"><label class=\"wpforms-field-label\">millainen asunto? <span class=\"wpforms-required-label\">*<\/span><\/label><ul id=\"wpforms-1181-field_7\" class=\"wpforms-field-required\"><li class=\"choice-1 depth-1\"><input type=\"radio\" id=\"wpforms-1181-field_7_1\" name=\"wpforms[fields][7]\" value=\"kerrostaloasunto\" required ><label class=\"wpforms-field-label-inline\" for=\"wpforms-1181-field_7_1\">kerrostaloasunto<\/label><\/li><li class=\"choice-4 depth-1\"><input type=\"radio\" id=\"wpforms-1181-field_7_4\" name=\"wpforms[fields][7]\" value=\"kerrostalon ullakkoasunto\" required ><label class=\"wpforms-field-label-inline\" for=\"wpforms-1181-field_7_4\">kerrostalon ullakkoasunto<\/label><\/li><li class=\"choice-2 depth-1\"><input type=\"radio\" id=\"wpforms-1181-field_7_2\" name=\"wpforms[fields][7]\" value=\"omakoti- pari- tai rivitalo\" required ><label class=\"wpforms-field-label-inline\" for=\"wpforms-1181-field_7_2\">omakoti- pari- tai rivitalo<\/label><\/li><\/ul><\/div><div id=\"wpforms-1181-field_9-container\" class=\"wpforms-field wpforms-field-radio\" data-field-id=\"9\"><label class=\"wpforms-field-label\">miss\u00e4 k\u00e4yt\u00f6ss\u00e4 nyt? <span class=\"wpforms-required-label\">*<\/span><\/label><ul id=\"wpforms-1181-field_9\" class=\"wpforms-field-required\"><li class=\"choice-1 depth-1\"><input type=\"radio\" id=\"wpforms-1181-field_9_1\" name=\"wpforms[fields][9]\" value=\"asuink\u00e4yt\u00f6ss\u00e4\" required ><label class=\"wpforms-field-label-inline\" for=\"wpforms-1181-field_9_1\">asuink\u00e4yt\u00f6ss\u00e4<\/label><\/li><li class=\"choice-2 depth-1\"><input type=\"radio\" id=\"wpforms-1181-field_9_2\" name=\"wpforms[fields][9]\" value=\"tyhjill\u00e4\u00e4n\" required ><label class=\"wpforms-field-label-inline\" for=\"wpforms-1181-field_9_2\">tyhjill\u00e4\u00e4n<\/label><\/li><li class=\"choice-3 depth-1\"><input type=\"radio\" id=\"wpforms-1181-field_9_3\" name=\"wpforms[fields][9]\" value=\"remontissa\" required ><label class=\"wpforms-field-label-inline\" for=\"wpforms-1181-field_9_3\">remontissa<\/label><\/li><\/ul><\/div><div id=\"wpforms-1181-field_11-container\" class=\"wpforms-field wpforms-field-radio\" data-field-id=\"11\"><label class=\"wpforms-field-label\">kerroksia <span class=\"wpforms-required-label\">*<\/span><\/label><ul id=\"wpforms-1181-field_11\" class=\"wpforms-field-required\"><li class=\"choice-1 depth-1\"><input type=\"radio\" id=\"wpforms-1181-field_11_1\" name=\"wpforms[fields][11]\" value=\"yksitasoinen\" required ><label class=\"wpforms-field-label-inline\" for=\"wpforms-1181-field_11_1\">yksitasoinen<\/label><\/li><li class=\"choice-2 depth-1\"><input type=\"radio\" id=\"wpforms-1181-field_11_2\" name=\"wpforms[fields][11]\" value=\"kaksitasoinen (tai 1 1\/2)\" required ><label class=\"wpforms-field-label-inline\" for=\"wpforms-1181-field_11_2\">kaksitasoinen (tai 1 1\/2)<\/label><\/li><li class=\"choice-3 depth-1\"><input type=\"radio\" id=\"wpforms-1181-field_11_3\" name=\"wpforms[fields][11]\" value=\"kolmitasoinen (esim kellari+ullakko)\" required ><label class=\"wpforms-field-label-inline\" for=\"wpforms-1181-field_11_3\">kolmitasoinen (esim kellari+ullakko)<\/label><\/li><\/ul><\/div><div id=\"wpforms-1181-field_2-container\" class=\"wpforms-field wpforms-field-textarea\" data-field-id=\"2\"><label class=\"wpforms-field-label\" for=\"wpforms-1181-field_2\">asunnon koko suurin piirtein, ja mahdollisia muita lis\u00e4tietoja <span class=\"wpforms-required-label\">*<\/span><\/label><textarea id=\"wpforms-1181-field_2\" class=\"wpforms-field-medium wpforms-field-required\" name=\"wpforms[fields][2]\" required><\/textarea><\/div><\/div><!-- .wpforms-field-container --><div class=\"wpforms-submit-container\" ><input type=\"hidden\" name=\"wpforms[id]\" value=\"1181\"><input type=\"hidden\" name=\"page_title\" value=\"\"><input type=\"hidden\" name=\"page_url\" value=\"https:\/\/www.e-mittaus.fi\/index.php?rest_route=\/wp\/v2\/pages\/1010\"><input type=\"hidden\" name=\"url_referer\" value=\"\"><button type=\"submit\" name=\"wpforms[submit]\" id=\"wpforms-submit-1181\" class=\"wpforms-submit\" data-alt-text=\"l\u00e4hetet\u00e4\u00e4n..\" data-submit-text=\"l\u00e4het\u00e4\" aria-live=\"assertive\" value=\"wpforms-submit\">l\u00e4het\u00e4<\/button><img loading=\"lazy\" decoding=\"async\" src=\"https:\/\/www.e-mittaus.fi\/wp-content\/plugins\/wpforms-lite\/assets\/images\/submit-spin.svg\" class=\"wpforms-submit-spinner\" style=\"display: none;\" width=\"26\" height=\"26\" alt=\"Loading\"><\/div><\/form><\/div>  <!-- .wpforms-container -->\n","protected":false},"excerpt":{"rendered":"<p>Asuntokaupassa pinta-alojen laskemisessa ja ilmoittamisessa k\u00e4ytet\u00e4\u00e4n huoneistoalaa. Samoin asunto-osakeyhti\u00f6iden yhti\u00f6j\u00e4rjestyksess\u00e4 ilmoitettava pinta-ala on yleens\u00e4 huoneistoala. Huoneistoala ja sen mittaaminen on m\u00e4\u00e4ritelty standardissa SFS 5139 (RT 12-11055). Varsinkin vanhoissa taloissa voi olla ep\u00e4selvyytt\u00e4 todellisesta huoneistoalasta. Teemme standardin mukaisia huoneistoalan mittauksia, joilla &hellip;<\/p>\n<p class=\"read-more\"> <a class=\"more-link\" href=\"https:\/\/www.e-mittaus.fi\/?page_id=1010\"> <span class=\"screen-reader-text\">asuntojen pinta-alamittaukset<\/span> Lue lis\u00e4\u00e4 &raquo;<\/a><\/p>\n","protected":false},"author":7,"featured_media":0,"parent":1013,"menu_order":1,"comment_status":"closed","ping_status":"closed","template":"","meta":{"footnotes":""},"class_list":["post-1010","page","type-page","status-publish","hentry"],"_links":{"self":[{"href":"https:\/\/www.e-mittaus.fi\/index.php?rest_route=\/wp\/v2\/pages\/1010","targetHints":{"allow":["GET"]}}],"collection":[{"href":"https:\/\/www.e-mittaus.fi\/index.php?rest_route=\/wp\/v2\/pages"}],"about":[{"href":"https:\/\/www.e-mittaus.fi\/index.php?rest_route=\/wp\/v2\/types\/page"}],"author":[{"embeddable":true,"href":"https:\/\/www.e-mittaus.fi\/index.php?rest_route=\/wp\/v2\/users\/7"}],"replies":[{"embeddable":true,"href":"https:\/\/www.e-mittaus.fi\/index.php?rest_route=%2Fwp%2Fv2%2Fcomments&post=1010"}],"version-history":[{"count":18,"href":"https:\/\/www.e-mittaus.fi\/index.php?rest_route=\/wp\/v2\/pages\/1010\/revisions"}],"predecessor-version":[{"id":1205,"href":"https:\/\/www.e-mittaus.fi\/index.php?rest_route=\/wp\/v2\/pages\/1010\/revisions\/1205"}],"up":[{"embeddable":true,"href":"https:\/\/www.e-mittaus.fi\/index.php?rest_route=\/wp\/v2\/pages\/1013"}],"wp:attachment":[{"href":"https:\/\/www.e-mittaus.fi\/index.php?rest_route=%2Fwp%2Fv2%2Fmedia&parent=1010"}],"curies":[{"name":"wp","href":"https:\/\/api.w.org\/{rel}","templated":true}]}}